{"id":37,"date":"2023-03-28T19:23:52","date_gmt":"2023-03-28T22:23:52","guid":{"rendered":"https:\/\/loja.box100.com.br\/?post_type=product&#038;p=37"},"modified":"2024-03-12T17:15:11","modified_gmt":"2024-03-12T20:15:11","slug":"saco-plastico-pequeno","status":"publish","type":"product","link":"https:\/\/loja.box100.com.br\/index.php\/produto\/saco-plastico-pequeno\/","title":{"rendered":"Saco Pl\u00e1stico Pequeno em Juiz de Fora"},"content":{"rendered":"<p>Saco Pl\u00e1stico pequeno refor\u00e7ado para embalagem de pequenos objetos.<\/p>\n<p>Produtos dispon\u00edveis para retirar em nossa loja no Bairro Aeroporto &#8211; Juiz de Fora ou entrega a combinar.<\/p>\n","protected":false},"excerpt":{"rendered":"<p>Produtos dispon\u00edveis para retirar em nossa loja no Bairro Aeroporto &#8211; Juiz de Fora ou entrega a combinar.<\/p>\n","protected":false},"featured_media":36,"comment_status":"open","ping_status":"closed","template":"","meta":[],"product_brand":[],"product_cat":[15],"product_tag":[],"class_list":{"0":"post-37","1":"product","2":"type-product","3":"status-publish","4":"has-post-thumbnail","6":"product_cat-sem-categoria","8":"first","9":"instock","10":"shipping-taxable","11":"purchasable","12":"product-type-simple","13":"czr-hentry"},"_links":{"self":[{"href":"https:\/\/loja.box100.com.br\/index.php\/wp-json\/wp\/v2\/product\/37","targetHints":{"allow":["GET"]}}],"collection":[{"href":"https:\/\/loja.box100.com.br\/index.php\/wp-json\/wp\/v2\/product"}],"about":[{"href":"https:\/\/loja.box100.com.br\/index.php\/wp-json\/wp\/v2\/types\/product"}],"replies":[{"embeddable":true,"href":"https:\/\/loja.box100.com.br\/index.php\/wp-json\/wp\/v2\/comments?post=37"}],"wp:featuredmedia":[{"embeddable":true,"href":"https:\/\/loja.box100.com.br\/index.php\/wp-json\/wp\/v2\/media\/36"}],"wp:attachment":[{"href":"https:\/\/loja.box100.com.br\/index.php\/wp-json\/wp\/v2\/media?parent=37"}],"wp:term":[{"taxonomy":"product_brand","embeddable":true,"href":"https:\/\/loja.box100.com.br\/index.php\/wp-json\/wp\/v2\/product_brand?post=37"},{"taxonomy":"product_cat","embeddable":true,"href":"https:\/\/loja.box100.com.br\/index.php\/wp-json\/wp\/v2\/product_cat?post=37"},{"taxonomy":"product_tag","embeddable":true,"href":"https:\/\/loja.box100.com.br\/index.php\/wp-json\/wp\/v2\/product_tag?post=37"}],"curies":[{"name":"wp","href":"https:\/\/api.w.org\/{rel}","templated":true}]}}