{"id":46,"date":"2024-03-13T11:40:56","date_gmt":"2024-03-13T14:40:56","guid":{"rendered":"https:\/\/loja.box100.com.br\/?page_id=46"},"modified":"2024-03-13T18:50:33","modified_gmt":"2024-03-13T21:50:33","slug":"frete-e-politica-de-envio","status":"publish","type":"page","link":"https:\/\/loja.box100.com.br\/index.php\/frete-e-politica-de-envio\/","title":{"rendered":"Frete e Pol\u00edtica de envio"},"content":{"rendered":"<p>Utilizamos o servi\u00e7o dos correios PAC e SEDEX para o envio das mercadorias.<br \/>\nO cliente pode solicitar uma cota\u00e7\u00e3o da entrega, no geral os clientes preferem pegar os produtos na loja.<br \/>\nSe preferir fazer uma cota\u00e7\u00e3o para entrega em pode entrar em contato pelo WhatsApp clicando aqui\u00a0 <a id=\"sendbtn\" class=\"shortcode_wa_button_nt\" href=\"https:\/\/web.whatsapp.com\/send?phone=553232229015&#038;text=Ol%C3%A1%20gostaria%20receber%20informa%C3%A7%C3%B5es%20sobre%20os%20produtos%20de%20embalagem&#038;app_absent=0\" target=\"_blank\"><span><\/span><\/a> ou depois de colocar os produtos no carrinho pode clicar em finalizar compra pelo whatsapp para receber cota\u00e7\u00e3o do envio.<br \/>\nSe tiver qualquer duvida pode entrar em contato pelo telefone ou whatsapp\u00a0 <a id=\"sendbtn\" class=\"shortcode_wa_button_nt\" href=\"https:\/\/web.whatsapp.com\/send?phone=553232229015&#038;text=Ol%C3%A1%20gostaria%20receber%20informa%C3%A7%C3%B5es%20sobre%20os%20produtos%20de%20embalagem&#038;app_absent=0\" target=\"_blank\"><span><\/span><\/a>\u00a0 ou pelo telefone: (32) 3222-9015<\/p>\n<p>Ou pelo formul\u00e1rio de e-mail em <a href=\"https:\/\/loja.box100.com.br\/index.php\/fale-conosco\/\">Fale conosco<\/a><\/p>\n","protected":false},"excerpt":{"rendered":"<p>Utilizamos o servi\u00e7o dos correios PAC e SEDEX para o envio das mercadorias. O cliente pode solicitar uma cota\u00e7\u00e3o da entrega, no geral os clientes preferem pegar os produtos na loja. Se preferir fazer uma cota\u00e7\u00e3o para entrega em pode entrar em contato pelo WhatsApp clicando aqui\u00a0 ou depois de colocar os produtos no carrinho [&hellip;]<\/p>\n","protected":false},"author":1,"featured_media":0,"parent":0,"menu_order":0,"comment_status":"closed","ping_status":"closed","template":"","meta":{"footnotes":""},"class_list":["post-46","page","type-page","status-publish","czr-hentry"],"_links":{"self":[{"href":"https:\/\/loja.box100.com.br\/index.php\/wp-json\/wp\/v2\/pages\/46","targetHints":{"allow":["GET"]}}],"collection":[{"href":"https:\/\/loja.box100.com.br\/index.php\/wp-json\/wp\/v2\/pages"}],"about":[{"href":"https:\/\/loja.box100.com.br\/index.php\/wp-json\/wp\/v2\/types\/page"}],"author":[{"embeddable":true,"href":"https:\/\/loja.box100.com.br\/index.php\/wp-json\/wp\/v2\/users\/1"}],"replies":[{"embeddable":true,"href":"https:\/\/loja.box100.com.br\/index.php\/wp-json\/wp\/v2\/comments?post=46"}],"version-history":[{"count":3,"href":"https:\/\/loja.box100.com.br\/index.php\/wp-json\/wp\/v2\/pages\/46\/revisions"}],"predecessor-version":[{"id":65,"href":"https:\/\/loja.box100.com.br\/index.php\/wp-json\/wp\/v2\/pages\/46\/revisions\/65"}],"wp:attachment":[{"href":"https:\/\/loja.box100.com.br\/index.php\/wp-json\/wp\/v2\/media?parent=46"}],"curies":[{"name":"wp","href":"https:\/\/api.w.org\/{rel}","templated":true}]}}